
What is the thousands digit of 153209?
3
What is the hundred thousands digit of 357209?
3
What is the hundreds digit of 196160?
1
What is the ten thousands digit of 709138?
0
What is the units digit of 3434408?
8
What is the ten thousands digit of 200261?
0
What is the ten thousands digit of 1291924?
9
What is the units digit of 609588?
8
What is the thousands digit of 655596?
5
What is the millions digit of 27018537?
7
What is the hundred thousands digit of 7351169?
3
What is the hundreds digit of 872297?
2
What is the units digit of 10137974?
4
What is the tens digit of 33065?
6
What is the hundred thousands digit of 9285685?
2
What is the hundreds digit of 23388340?
3
What is the millions digit of 12918609?
2
What is the ten thousands digit of 3875415?
7
What is the hundred thousands digit of 316923?
3
What is the thousands digit of 39298?
9
What is the tens digit of 508088?
8
What is the tens digit of 799201?
0
What is the millions digit of 2399614?
2
What is the tens digit of 989667?
6
What is the ten thousands digit of 90327?
9
What is the millions digit of 17835048?
7
What is the hundred thousands digit of 17352509?
3
What is the ten thousands digit of 1655460?
5
What is the thousands digit of 472210?
2
What is the hundreds digit of 9998444?
4
What is the thousands digit of 9601547?
1
What is the thousands digit of 1086537?
6
What is the units digit of 139907?
7
What is the thousands digit of 261220?
1
What is the hundreds digit of 623040?
0
What is the millions digit of 2517461?
2
What is the thousands digit of 1013402?
3
What is the units digit of 647154?
4
What is the thousands digit of 1749658?
9
What is the hundreds digit of 85970?
9
What is the tens digit of 241523?
2
What is the units digit of 208373?
3
What is the units digit of 9410?
0
What is the tens digit of 461267?
6
What is the thousands digit of 1433796?
3
What is the hundreds digit of 10620980?
9
What is the units digit of 518531?
1
What is the thousands digit of 480469?
0
What is the tens digit of 7182625?
2
What is the ten thousands digit of 324740?
2
What is the ten thousands digit of 1281316?
8
What is the ten thousands digit of 417133?
1
What is the hundred thousands digit of 403512?
4
What is the millions digit of 31946158?
1
What is the thousands digit of 684117?
4
What is the tens digit of 502012?
1
What is the tens digit of 782?
8
What is the tens digit of 298306?
0
What is the ten thousands digit of 208236?
0
What is the thousands digit of 9918314?
8
What is the thousands digit of 4323046?
3
What is the ten thousands digit of 634119?
3
What is the ten millions digit of 28178395?
2
What is the tens digit of 5253?
5
What is the hundreds digit of 2045484?
4
What is the tens digit of 889978?
7
What is the units digit of 301622?
2
What is the thousands digit of 2656679?
6
What is the thousands digit of 513203?
3
What is the units digit of 19243769?
9
What is the units digit of 288715?
5
What is the units digit of 421907?
7
What is the hundreds digit of 7869738?
7
What is the tens digit of 654550?
5
What is the tens digit of 13125404?
0
What is the millions digit of 8925685?
8
What is the units digit of 44658?
8
What is the hundred thousands digit of 852038?
8
What is the millions digit of 7899066?
7
What is the thousands digit of 937301?
7
What is the hundreds digit of 413467?
4
What is the thousands digit of 466329?
6
What is the hundred thousands digit of 334980?
3
What is the thousands digit of 263159?
3
What is the millions digit of 4915578?
4
What is the hundreds digit of 277648?
6
What is the units digit of 30405?
5
What is the hundred thousands digit of 315689?
3
What is the thousands digit of 1826?
1
What is the thousands digit of 1341299?
1
What is the units digit of 341565?
5
What is the thousands digit of 17193172?
3
What is the tens digit of 13386330?
3
What is the millions digit of 2261220?
2
What is the tens digit of 56343?
4
What is the millions digit of 10023851?
0
What is the tens digit of 38448177?
7
What is the thousands digit of 4527641?
7
What is the thousands digit of 9312053?
2
What is the hundred thousands digit of 2884436?
8
What is the tens digit of 757560?
6
What is the hundred thousands digit of 395507?
3
What is the tens digit of 454967?
6
What is the hundreds digit of 4266244?
2
What is the units digit of 16421265?
5
What is the units digit of 525751?
1
What is the ten thousands digit of 211879?
1
What is the hundreds digit of 1486742?
7
What is the tens digit of 1755763?
6
What is the ten thousands digit of 348707?
4
What is the hundreds digit of 1210311?
3
What is the hundred thousands digit of 147686?
1
What is the ten thousands digit of 3434658?
3
What is the hundred thousands digit of 319508?
3
What is the hundred thousands digit of 1511005?
5
What is the millions digit of 11815038?
1
What is the ten thousands digit of 193528?
9
What is the hundred thousands digit of 2010638?
0
What is the hundred thousands digit of 2169830?
1
What is the hundreds digit of 672034?
0
What is the hundreds digit of 1031635?
6
What is the hundred thousands digit of 141528?
1
What is the units digit of 80344?
4
What is the thousands digit of 386640?
6
What is the units digit of 4047844?
4
What is the ten thousands digit of 122760?
2
What is the hundreds digit of 1042774?
7
What is the hundred thousands digit of 1450270?
4
What is the hundreds digit of 5633430?
4
What is the millions digit of 2208344?
2
What is the units digit of 316077?
7
What is the hundred thousands digit of 6439020?
4
What is the thousands digit of 4172844?
2
What is the millions digit of 14999014?
4
What is the units digit of 216343?
3
What is the thousands digit of 1453312?
3
What is the hundreds digit of 70003?
0
What is the tens digit of 215097?
9
What is the ten millions digit of 12118082?
1
What is the tens digit of 519472?
7
What is the tens digit of 11490234?
3
What is the ten thousands digit of 20278182?
7
What is the units digit of 456931?
1
What is the units digit of 1445744?
4
What is the tens digit of 133839?
3
What is the ten millions digit of 11406786?
1
What is the units digit of 902447?
7
What is the units digit of 1381381?
1
What is the tens digit of 243212?
1
What is the hundred thousands digit of 496790?
4
What is the tens digit of 16615245?
4
What is the ten thousands digit of 3936503?
3
What is the ten thousands digit of 5958767?
5
What is the thousands digit of 302005?
2
What is the units digit of 490457?
7
What is the ten thousands digit of 4559828?
5
What is the thousands digit of 199870?
9
What is the hundreds digit of 7866958?
9
What is the ten thousands digit of 12284899?
8
What is the millions digit of 1993913?
1
What is the thousands digit of 15938708?
8
What is the units digit of 3864717?
7
What is the units digit of 236232?
2
What is the hundred thousands digit of 451783?
4
What is the ten thousands digit of 18082772?
8
What is the millions digit of 1630764?
1
What is the thousands digit of 9270316?
0
What is the units digit of 2843643?
3
What is the tens digit of 667133?
3
What is the hundred thousands digit of 184092?
1
What is the thousands digit of 567776?
7
What is the units digit of 10198304?
4
What is the tens digit of 29223024?
2
What is the thousands digit of 259146?
9
What is the units digit of 1979922?
2
What is the thousands digit of 1901574?
1
What is the hundred thousands digit of 139075?
1
What is the hundred thousands digit of 278350?
2
What is the hundred thousands digit of 436663?
4
What is the units digit of 736746?
6
What is the ten thousands digit of 459021?
5
What is the thousands digit of 19434516?
4
What is the hundreds digit of 5147515?
5
What is the hundred thousands digit of 4841510?
8
What is the hundreds digit of 2318407?
4
What is the hundreds digit of 921314?
3
What is the units digit of 5218646?
6
What is the millions digit of 1044199?
1
What is the hundreds digit of 211911?
9
What is the thousands digit of 59582?
9
What is the hundred thousands digit of 6716050?
7
What is the millions digit of 2898101?
2
What is the hundreds digit of 336744?
7
What is the ten millions digit of 17391160?
1
What is the hundreds digit of 702910?
9
What is the ten thousands digit of 29563362?
6
What is the thousands digit of 4790912?
